 a?
4
Suppose -75*c + 5787776 = 53*c. What is the hundreds digit of c?
2
Let h(i) = 2*i**2 - 15*i - 89. Suppose -35*z - 78 = -29*z. What is the tens digit of h(z)?
4
Let b be 3/5 + 115/(-25). Let o be -2 + 4 - (b - (-3 + 1)). Suppose 0 = -o*r + 3*y + 296, -r - y = -3*r + 146. What is the units digit of r?
1
What is the thousands digit of (-25 - (-48773 - -25)) + 6?
8
Let j(x) = x + 25. Let d be j(-21). Suppose -d*k + 13*k - 1107 = 0. What is the hundreds digit of k?
1
Suppose -f + 19 = 3*a - 2*f, -f = 1. Let r be -2 + -35 + a/(-3). Let i = -23 - r. What is the tens digit of i?
1
Let y(t) = 17*t**2 + 16*t + 27. What is the tens digit of y(17)?
1
Suppose 2*c + 108 = 6*c. Suppose 723 = 4*l + 5*q, -c = l + q - 207. What is the hundreds digit of l?
1
What is the tens digit of (1 + 31612/3 - -5)*(-9)/(-6)?
1
Suppose -35*k = -11*k + 17*k - 474862. What is the units digit of k?
2
What is the units digit of -7*((-355360)/35)/16?
2
Let x = -49 + 39. What is the units digit of ((-45)/x)/(1/62)?
9
Let q(w) = w**3 - 6*w**2 + 7*w - 7. Let r be q(5). Suppose 0 = -30*v + 29*v + r. Suppose 5*u - 6*u + 5*p = -38, -v*u = -p - 72. What is the units digit of u?
3
Suppose -4*z - 28 = -11*z. Suppose z*m - y + 37 - 140 = 0, -69 = -2*m - 3*y. Suppose 24*w + 315 = m*w. What is the units digit of w?
5
Suppose -5*d = -4 - 16. Suppose v = -5, 8*v - 700 = -b + d*v. What is the tens digit of b?
2
Let c be 23958/55 + 6/(-10). Suppose -5*y + 626 - 51 = 5*l, -y = -4*l + c. Suppose 2*q - 4*m = l, -4*m = -5*q + 405 - 106. What is the tens digit of q?
6
Let v(u) = -u**2 + u. Suppose 8*w - 3*d + 1 = 3*w, w + 3 = 2*d. Let o(y) = 35*y**2 + 2*y + 2. Let j(h) = w*o(h) + v(h). What is the units digit of j(-1)?
3
Let v(t) = t**3 + 12*t**2 - 4*t - 41. Suppose 4*f + 4 = 4*d, 2*d + 0*f = f + 1. Let b be (-15)/10 + (d - 42/4). What is the units digit of v(b)?
7
Let z = 14780 + 52030. What is the thousands digit of z?
6
Let t be (-8 + 14)*1/2. Suppose -5*n + t*q = -6789, 2*n - 4*q = -q + 2721. What is the tens digit of ((-2)/3)/((-8)/n)?
1
What is the tens digit of ((-2)/5)/(355/(-14927750))?
2
Let j(f) = 2*f**2 - 6*f - 69. Let t be j(12). Let s = 274 - t. What is the tens digit of s?
2
Let y be ((2 + -20)/(-1))/(-11 - -12). Suppose 9 = -v + y. Suppose v*d = 2*d + 49. What is the units digit of d?
7
Let u = -59507 - -96692. What is the tens digit of u?
8
Let i be 0 + (-4)/(-22) - 198310/(-110). Suppose -2*j + 3*r = -i, 813 = j + 3*r - 66. What is the hundreds digit of j?
8
What is the units digit of 3 + (-10 + 13 - -17501)?
7
Suppose -5 = -l - 3*c + 2, -5*l - 2*c = -9. Let g(o) = 695*o**2 - 10*o + 11. What is the units digit of g(l)?
6
Let k(u) = -u**2 + 9*u + 35. Let c be k(0). Suppose 4*a - c - 2093 = 0. What is the hundreds digit of a?
5
What is the hundreds digit of 57 + 26194 + (4/(-10))/(1/(-10))?
2
Let z(u) = -u**2 - 4*u. Let v be z(-3). Let x(g) = 2*g + g + 2*g - 3*g**2 + 2*g**2 + v. What is the units digit of x(5)?
3
Let r = -1382 + 570. Let m = 1208 + r. What is the units digit of m?
6
Let j = 5578 + -3956. Suppose -2*m + j = -1126. What is the thousands digit of m?
1
Let n(r) = -23*r**2 + r + 5. Let j(u) = -12*u**2 + u + 2. Let i(v) = 5*j(v) - 3*n(v). Let q be i(4). Let p = q - 88. What is the units digit of p?
9
Let k = 1029 + -978. Suppose -97 = 5*b + 28. What is the units digit of 10/b - k/(-15)?
3
Suppose 2*o - 4*a - 16990 = 0, 4*o = -126*a + 122*a + 34040. What is the tens digit of o?
0
Let g be ((-3)/(-9))/(2/24). Suppose -2*n = 8, -2*b + 4*n + 33 + 1 = 0. Suppose -b*a + 465 = -g*a. What is the tens digit of a?
9
Suppose 8*c - 4194 = 17*c. Let k = -136 - c. What is the hundreds digit of k?
3
Suppose 6*u - 3*u + 66 = 3*o, -2*o + 44 = 3*u. Let h be (-55)/o*2/(-5). What is the hundreds digit of 116 + h - 76/(-19)?
1
Let n = 45075 + -30505. What is the thousands digit of n?
4
Let q = -54557 + 80485. What is the tens digit of q?
2
Suppose -6*h - 1015 = 299. Let w = h + 761. What is the hundreds digit of w?
5
Suppose 11*x + 17 = -16. Let y be 56/6 + 1/x. What is the hundreds digit of 13/(y + -6 + 38/(-13))?
1
Let y = 5286 - 588. What is the units digit of y?
8
Let m = -161 - -148. What is the hundreds digit of ((-22)/(-4))/(m/(-780))?
3
Let b(o) = o**2 - 13*o - 452. Let r be b(-12). Suppose -2*z = -72 - 108. What is the units digit of (r/10)/((-12)/z)?
4
Let w be ((-12)/8)/(3/(-4)). Suppose -4*f = -w*f + 2*u - 370, 575 = 3*f - 2*u. What is the hundreds digit of f?
1
Let i be -3*1/(0 + (5 - 8)). What is the tens digit of (i - 0) + 411 + (11 - 2)?
2
Let h(d) = -d**2 + 8*d + 76. Let k be h(6). Suppose 79*n - k*n + 4914 = 0. What is the hundreds digit of n?
5
Let m = 9269 - 9267. Let r(i) be the third derivative of 17*i**6/120 - i**5/20 - i**3/2 - i**2. What is the units digit of r(m)?
1
Suppose 5*n - k - 448 = 0, 6*n - n = 2*k + 451. What is the units digit of n*(1 + -4 - (-9 + -2))?
2
Let j = -346 + 1400. Let o = -502 + j. Suppose o - 150 = 3*u. What is the tens digit of u?
3
Let k(l) be the first derivative of -l**2 + 4*l + 43. Let g be k(-1). Suppose g*b - 17 = 25. What is the units digit of b?
7
Let g(k) = 3*k**3. Let q(c) = -c**2 - 3*c + 1. Let d be q(-3). Let o be g(d). Suppose r + 171 = 5*n - 582, -o*n + 3*r = -459. What is the hundreds digit of n?
1
Suppose 0 = 902*o - 927*o + 35500. What is the hundreds digit of o?
4
Suppose -3*q - 2*q = -10. Suppose 39*p - 16877 = -4475. Suppose 2*y = 2*i - p, 0 = -4*i + q*y - 6*y + 660. What is the units digit of i?
2
Suppose 2*m - 4*x - 202 = 0, m + 414 = 5*m - 3*x. Let t = 101 - m. What is the tens digit of (2/t*1)/((-1)/140)?
7
Let n be (4 - 2 - 0)*-13. Let b(j) = -3*j + 79. Let h be b(6). Let p = h + n. What is the tens digit of p?
3
Suppose -5*a = 3*u + 51, -u - 31 = 3*a - 10. Let h be (3 + -2)*-2*1050/u. Suppose 5*m + 5*k = h, 2*m - 3*k + 0*k = 80. What is the tens digit of m?
3
What is the tens digit of 88*(-7*6)/(-3)*3300/210?
6
Suppose 47*r - 4227678 = -2*r - 77*r. What is the thousands digit of r?
3
Let w(c) = -27*c + 69. Let h be w(-5). Let g = h - -14. What is the hundreds digit of g?
2
Suppose 511385 + 3586535 = 76*v + 274132. What is the thousands digit of v?
0
Suppose -162*w - 136*w = -15*w - 5838573. What is the tens digit of w?
3
Let x = -2663 + 1396. Let y = 2393 + x. What is the hundreds digit of y?
1
Suppose -133 = 11*a - 507. Let c(i) = -a*i**2 - 26*i + 3*i + 36*i**2 - 4. What is the hundreds digit of c(18)?
2
Let y be -1 + (-5)/(-2) + -9 + (-276)/8. Let d(t) = -3*t - 3. Let x be d(6). Let c = x - y. What is the units digit of c?
1
Let c(o) = 3 + 12*o + 0 - 13*o - 2. Let v(p) = 12*p + 7. Let s(z) = 18*c(z) - 2*v(z). What is the units digit of s(-3)?
0
Suppose 11*s = -63 + 536. Suppose -s*r = -42*r - 74. What is the tens digit of r?
7
Suppose 23*j - 29962 = 148127. What is the thousands digit of j?
7
Let n(g) = -18*g + 66. Let b be n(-8). Suppose -5*p = -15, -2*z + 5*z - 5*p = -390. Let y = z + b. What is the units digit of y?
5
Suppose 7*h - 46005 = 2*u + 2*h, -2*h + 46002 = -2*u. What is the tens digit of 11/(891/18) - u/18?
7
Let c be -1 + 39/12*4. Suppose 3*s = 2*j + c, -12 = -3*s + 2*j + j. Suppose -f + 0*m = 5*m - 14, -s*f = 3*m - 22. What is the units digit of f?
4
Suppose 16248 = f + o - 5425, -4*f + 4*o = -86692. What is the units digit of f?
3
What is the units digit of 8/2 - 183/(-122)*(-117168)/(-9)?
2
Let b be (1 - 0)/(5/15). Suppose 0 = -4*s - b*j + 55, 2*s - 70 = -2*s + 2*j. What is the tens digit of s/(-3 + -1) - -74?
7
Let b = 1557 + -286. Let x = 1995 - b. What is the tens digit of x?
2
What is the thousands digit of (-50)/(-20)*(-13532)/(-10)?
3
Suppose -i = 5*o - 147155, 5*i - 95910 - 51225 = -5*o. What is the hundreds digit of o?
4
Let k = 29610 + -236. What is the tens digit of k?
7
Let d = 0 + 22. Suppose -y = d - 24. Suppose y*t - 600 = -8*t. What is the tens digit of t?
6
Suppose -5*l = -5*c + 1695 - 103835, -2*c + 40836 = 2*l. What is the thousands digit of l?
0
Suppose -2*p = 2*u - 170, p - 5*p - 461 = -5*u. Let k = 399 - u. What is the tens digit of k?
1
Let r(b) = -213*b - 1. Let s(a) = 427*a + 1. Let x(q) = 13*r(q) + 6*s(q). Let h(o) = -413*o - 14. Let n(p) = -6*h(p) + 13*x(p). What is the tens digit of n(-1)?
0
Let u(l) = 5*l**2 - 12 - 6*l - 5*l - l. Let s be 64/11 - 396/(-2178). What